{"id":466,"date":"2022-06-29T22:39:39","date_gmt":"2022-06-29T21:39:39","guid":{"rendered":"https:\/\/basket-club-estuaire-gironde.fr\/?page_id=466"},"modified":"2022-06-29T22:41:04","modified_gmt":"2022-06-29T21:41:04","slug":"label-citoyen","status":"publish","type":"page","link":"https:\/\/basket-club-estuaire-gironde.fr\/?page_id=466","title":{"rendered":"Label Citoyen"},"content":{"rendered":"\n<p>Le 17 Mai 2021, la FFBB vient de nous d\u00e9cerner la premi\u00e8re \u00e9toile du Label Citoyen FFBB.<\/p>\n\n\n\n<p>Nous recherchons des volontaires pour nous accompagner dans cette aventure, si vous \u00eates int\u00e9ress\u00e9s, merci d&rsquo;envoyer un mail \u00e0 : president.bceg@gmail.com<\/p>\n\n\n\n<p>L&rsquo;objectif est maintenant de d\u00e9crocher la deuxi\u00e8me \u00e9toile !<\/p>\n","protected":false},"excerpt":{"rendered":"<p>Le 17 Mai 2021, la FFBB vient de nous d\u00e9cerner la premi\u00e8re \u00e9toile du Label Citoyen FFBB. Nous recherchons des volontaires pour nous accompagner dans cette aventure, si vous \u00eates int\u00e9ress\u00e9s, merci d&rsquo;envoyer un mail \u00e0 : president.bceg@gmail.com L&rsquo;objectif est maintenant de d\u00e9crocher la deuxi\u00e8me \u00e9toile !<\/p>\n","protected":false},"author":2,"featured_media":0,"parent":304,"menu_order":7,"comment_status":"closed","ping_status":"closed","template":"","meta":{"om_disable_all_campaigns":false,"_mi_skip_tracking":false,"site-sidebar-layout":"default","site-content-layout":"default","ast-global-header-display":"","ast-main-header-display":"","ast-hfb-above-header-display":"","ast-hfb-below-header-display":"","ast-hfb-mobile-header-display":"","site-post-title":"","ast-breadcrumbs-content":"","ast-featured-img":"","footer-sml-layout":"","theme-transparent-header-meta":"","adv-header-id-meta":"","stick-header-meta":"","header-above-stick-meta":"","header-main-stick-meta":"","header-below-stick-meta":"","footnotes":""},"class_list":["post-466","page","type-page","status-publish","hentry"],"aioseo_notices":[],"_links":{"self":[{"href":"https:\/\/basket-club-estuaire-gironde.fr\/index.php?rest_route=\/wp\/v2\/pages\/466","targetHints":{"allow":["GET"]}}],"collection":[{"href":"https:\/\/basket-club-estuaire-gironde.fr\/index.php?rest_route=\/wp\/v2\/pages"}],"about":[{"href":"https:\/\/basket-club-estuaire-gironde.fr\/index.php?rest_route=\/wp\/v2\/types\/page"}],"author":[{"embeddable":true,"href":"https:\/\/basket-club-estuaire-gironde.fr\/index.php?rest_route=\/wp\/v2\/users\/2"}],"replies":[{"embeddable":true,"href":"https:\/\/basket-club-estuaire-gironde.fr\/index.php?rest_route=%2Fwp%2Fv2%2Fcomments&post=466"}],"version-history":[{"count":1,"href":"https:\/\/basket-club-estuaire-gironde.fr\/index.php?rest_route=\/wp\/v2\/pages\/466\/revisions"}],"predecessor-version":[{"id":467,"href":"https:\/\/basket-club-estuaire-gironde.fr\/index.php?rest_route=\/wp\/v2\/pages\/466\/revisions\/467"}],"up":[{"embeddable":true,"href":"https:\/\/basket-club-estuaire-gironde.fr\/index.php?rest_route=\/wp\/v2\/pages\/304"}],"wp:attachment":[{"href":"https:\/\/basket-club-estuaire-gironde.fr\/index.php?rest_route=%2Fwp%2Fv2%2Fmedia&parent=466"}],"curies":[{"name":"wp","href":"https:\/\/api.w.org\/{rel}","templated":true}]}}