{"id":277,"date":"2022-06-13T14:30:51","date_gmt":"2022-06-13T13:30:51","guid":{"rendered":"https:\/\/basket-club-estuaire-gironde.fr\/?page_id=277"},"modified":"2022-06-14T14:17:41","modified_gmt":"2022-06-14T13:17:41","slug":"presentation-basket-adulte","status":"publish","type":"page","link":"https:\/\/basket-club-estuaire-gironde.fr\/?page_id=277","title":{"rendered":"Pr\u00e9sentation basket adulte"},"content":{"rendered":"\n<p>Seniors, loisirs : d\u00e9couvrez vite les \u00e9quipes du Basket Adultes.<\/p>\n\n\n\n<p>Seniors<br>C\u2019est l\u2019\u00e9quipe qui repr\u00e9sente officiellement le club dans les principales comp\u00e9titions de basket en Gironde et en Aquitaine. Tout au long de la saison, l\u2019\u00e9quipe senior&nbsp;s\u2019illustre \u00e0 la fois dans le championnat auquel elle participe mais aussi dans les diverses autres comp\u00e9titions (Coupe 33, Coupe de France\u2026) organis\u00e9es par le Comit\u00e9. Chaque ann\u00e9e, les&nbsp;seniors&nbsp;forment un collectif soud\u00e9 et s\u2019efforcent de donner le meilleur d\u2019eux-m\u00eames pour conduire l\u2019\u00e9quipe au plus haut du classement. Relever les challenges, encha\u00eener les performances, s\u00e9duire les supporters : c\u2019est aussi \u00e7a le sport de comp\u00e9tition !<\/p>\n\n\n\n<p>Loisirs<br>L\u2019\u00e9quipe Loisirs&nbsp;c\u2019est v\u00e9ritablement l\u2019alliance parfaite entre bonne humeur et convivialit\u00e9. On ne court pas apr\u00e8s la comp\u00e9tition, les matchs et les r\u00e9sultats comme en Seniors : les joueurs sont bel et bien l\u00e0 pour se faire plaisir et ils le revendiquent ! Pratiquer le basket dans une ambiance d\u00e9tendue, fouler les parquets apr\u00e8s une longue journ\u00e9e de travail, retrouver ses co\u00e9quipiers pour une s\u00e9ance de basket dans la joie et la bonne humeur : tout l\u2019essentiel est r\u00e9uni pour pouvoir s\u2019injecter une bonne dose de sport.<\/p>\n","protected":false},"excerpt":{"rendered":"<p>Seniors, loisirs : d\u00e9couvrez vite les \u00e9quipes du Basket Adultes. SeniorsC\u2019est l\u2019\u00e9quipe qui repr\u00e9sente officiellement le club dans les principales comp\u00e9titions de basket en Gironde et en Aquitaine. Tout au long de la saison, l\u2019\u00e9quipe senior&nbsp;s\u2019illustre \u00e0 la fois dans le championnat auquel elle participe mais aussi dans les diverses autres comp\u00e9titions (Coupe 33, Coupe &hellip;<\/p>\n<p class=\"read-more\"> <a class=\"\" href=\"https:\/\/basket-club-estuaire-gironde.fr\/?page_id=277\"> <span class=\"screen-reader-text\">Pr\u00e9sentation basket adulte<\/span> Lire la suite\u00a0\u00bb<\/a><\/p>\n","protected":false},"author":2,"featured_media":0,"parent":312,"menu_order":1,"comment_status":"closed","ping_status":"closed","template":"","meta":{"om_disable_all_campaigns":false,"_mi_skip_tracking":false,"site-sidebar-layout":"default","site-content-layout":"default","ast-global-header-display":"","ast-main-header-display":"","ast-hfb-above-header-display":"","ast-hfb-below-header-display":"","ast-hfb-mobile-header-display":"","site-post-title":"","ast-breadcrumbs-content":"","ast-featured-img":"","footer-sml-layout":"","theme-transparent-header-meta":"","adv-header-id-meta":"","stick-header-meta":"","header-above-stick-meta":"","header-main-stick-meta":"","header-below-stick-meta":"","footnotes":""},"class_list":["post-277","page","type-page","status-publish","hentry"],"aioseo_notices":[],"_links":{"self":[{"href":"https:\/\/basket-club-estuaire-gironde.fr\/index.php?rest_route=\/wp\/v2\/pages\/277","targetHints":{"allow":["GET"]}}],"collection":[{"href":"https:\/\/basket-club-estuaire-gironde.fr\/index.php?rest_route=\/wp\/v2\/pages"}],"about":[{"href":"https:\/\/basket-club-estuaire-gironde.fr\/index.php?rest_route=\/wp\/v2\/types\/page"}],"author":[{"embeddable":true,"href":"https:\/\/basket-club-estuaire-gironde.fr\/index.php?rest_route=\/wp\/v2\/users\/2"}],"replies":[{"embeddable":true,"href":"https:\/\/basket-club-estuaire-gironde.fr\/index.php?rest_route=%2Fwp%2Fv2%2Fcomments&post=277"}],"version-history":[{"count":1,"href":"https:\/\/basket-club-estuaire-gironde.fr\/index.php?rest_route=\/wp\/v2\/pages\/277\/revisions"}],"predecessor-version":[{"id":278,"href":"https:\/\/basket-club-estuaire-gironde.fr\/index.php?rest_route=\/wp\/v2\/pages\/277\/revisions\/278"}],"up":[{"embeddable":true,"href":"https:\/\/basket-club-estuaire-gironde.fr\/index.php?rest_route=\/wp\/v2\/pages\/312"}],"wp:attachment":[{"href":"https:\/\/basket-club-estuaire-gironde.fr\/index.php?rest_route=%2Fwp%2Fv2%2Fmedia&parent=277"}],"curies":[{"name":"wp","href":"https:\/\/api.w.org\/{rel}","templated":true}]}}