{"id":254,"date":"2022-06-13T14:15:10","date_gmt":"2022-06-13T13:15:10","guid":{"rendered":"https:\/\/basket-club-estuaire-gironde.fr\/?page_id=254"},"modified":"2022-07-05T14:03:46","modified_gmt":"2022-07-05T13:03:46","slug":"presentation-mini-basket","status":"publish","type":"page","link":"https:\/\/basket-club-estuaire-gironde.fr\/?page_id=254","title":{"rendered":"Pr\u00e9sentation mini-basket"},"content":{"rendered":"\n<div class=\"wp-block-group is-layout-flow wp-block-group-is-layout-flow\"><div class=\"wp-block-group__inner-container\">\n<div class=\"wp-block-columns is-layout-flex wp-container-core-columns-is-layout-28f84493 wp-block-columns-is-layout-flex\">\n<div class=\"wp-block-column is-layout-flow wp-block-column-is-layout-flow\"><\/div>\n\n\n\n<div class=\"wp-block-column is-layout-flow wp-block-column-is-layout-flow\"><\/div>\n<\/div>\n<\/div><\/div>\n\n\n\n<div class=\"wp-block-group is-layout-flow wp-block-group-is-layout-flow\"><div class=\"wp-block-group__inner-container\">\n<div class=\"wp-block-group is-layout-flow wp-block-group-is-layout-flow\"><div class=\"wp-block-group__inner-container\">\n<p>Le mini-basket accueille les enfants de moins de 11 ans, o\u00f9 sous l&rsquo;oeil avis\u00e9 de l&rsquo;entraineur, ils d\u00e9couvrent ce fabuleux sport collectif.<\/p>\n\n\n\n<p>Apprentissage des r\u00e8gles et pratique du basket sous forme d&rsquo;ateliers ludiques composent les entrainements hebdomadaires.<\/p>\n\n\n\n<p>Des rencontres, d\u00e9nomm\u00e9es \u00ab\u00a0plateaux\u00a0\u00bb, ont lieu r\u00e9guli\u00e8rement entre diff\u00e9rents clubs du secteur afin de permettre \u00e0 nos ch\u00e8res t\u00eates bondes de cotoyer l&rsquo;esprit de match.<br><\/p>\n<\/div><\/div>\n<\/div><\/div>\n\n\n\n<p><\/p>\n\n\n\n<div class=\"wp-block-group is-layout-flow wp-block-group-is-layout-flow\"><div class=\"wp-block-group__inner-container\">\n<p><strong>Baby basket U7<\/strong><br>C&rsquo;est la toute premi\u00e8re section du Mini Basket accueillant les gar\u00e7ons ou filles jusqu&rsquo;\u00e0 7 ans et d\u00e9di\u00e9e \u00e0 la d\u00e9couverte du basket par l\u2019interm\u00e9diaire de jeux et autres activit\u00e9s ludiques. L&rsquo;accent est mis sur les activit\u00e9s de manipulation du ballon (attraper, lancer, dribbler &#8230;). L\u2019objectif : apprendre le basket en s\u2019amusant !<br><\/p>\n\n\n\n<p><strong>Mini-poussin(e)s U9<\/strong><br>A ce stade, les jeunes de 7 \u00e0 8 ans commencent \u00e0 d\u00e9couvrir un peu plus les r\u00e8gles du basket-ball : le march\u00e9, la reprise de dribble, les limites du terrain. La dimension collective du basket est \u00e9galement mise en valeur : soutenir un partenaire et se d\u00e9placer vers le panier, \u00eatre en action permanente pour faire gagner son \u00e9quipe, \u00eatre combatif en d\u00e9fense pour conqu\u00e9rir le ballon, d\u00e9velopper le d\u00e9placement sans ballon pour donner des solutions, d\u00e9velopper la progression en dribble et en passe.<br><\/p>\n\n\n\n<p><\/p>\n\n\n\n<p><strong>Poussin(e)s U11<\/strong><br>La section&nbsp;Poussin(e)s&nbsp;regroupe tous&nbsp;les gar\u00e7ons et filles de 9 \u00e0 10 ans. Au cours des deux saisons, les jeunes poursuivent leur apprentissage des bases et fondamentaux du basket pour progresser. Jouer sans s\u2019arr\u00eater, utiliser son pied de pivot, tirer en course, feinter son adversaire, g\u00e9rer l\u2019espace libre : l\u2019entraineur en charge de l\u2019\u00e9quipe transmet au fur et \u00e0 mesure des s\u00e9ances, les connaissances \u00e0 acqu\u00e9rir.<\/p>\n<\/div><\/div>\n\n\n\n<div class=\"wp-block-columns is-layout-flex wp-container-core-columns-is-layout-28f84493 wp-block-columns-is-layout-flex\">\n<div class=\"wp-block-column is-layout-flow wp-block-column-is-layout-flow\" style=\"flex-basis:100%\">\n<figure class=\"wp-block-image aligncenter\"><img loading=\"lazy\" decoding=\"async\" width=\"250\" height=\"339\" src=\"https:\/\/basket-club-estuaire-gironde.fr\/wp-content\/uploads\/2022\/06\/image-3.png\" alt=\"\" class=\"wp-image-255\" srcset=\"https:\/\/basket-club-estuaire-gironde.fr\/wp-content\/uploads\/2022\/06\/image-3.png 250w, https:\/\/basket-club-estuaire-gironde.fr\/wp-content\/uploads\/2022\/06\/image-3-221x300.png 221w\" sizes=\"auto, (max-width: 250px) 100vw, 250px\" \/><\/figure>\n<\/div>\n<\/div>\n","protected":false},"excerpt":{"rendered":"<p>Le mini-basket accueille les enfants de moins de 11 ans, o\u00f9 sous l&rsquo;oeil avis\u00e9 de l&rsquo;entraineur, ils d\u00e9couvrent ce fabuleux sport collectif. Apprentissage des r\u00e8gles et pratique du basket sous forme d&rsquo;ateliers ludiques composent les entrainements hebdomadaires. Des rencontres, d\u00e9nomm\u00e9es \u00ab\u00a0plateaux\u00a0\u00bb, ont lieu r\u00e9guli\u00e8rement entre diff\u00e9rents clubs du secteur afin de permettre \u00e0 nos ch\u00e8res &hellip;<\/p>\n<p class=\"read-more\"> <a class=\"\" href=\"https:\/\/basket-club-estuaire-gironde.fr\/?page_id=254\"> <span class=\"screen-reader-text\">Pr\u00e9sentation mini-basket<\/span> Lire la suite\u00a0\u00bb<\/a><\/p>\n","protected":false},"author":2,"featured_media":0,"parent":307,"menu_order":1,"comment_status":"closed","ping_status":"closed","template":"","meta":{"om_disable_all_campaigns":false,"_mi_skip_tracking":false,"site-sidebar-layout":"default","site-content-layout":"default","ast-global-header-display":"","ast-main-header-display":"","ast-hfb-above-header-display":"","ast-hfb-below-header-display":"","ast-hfb-mobile-header-display":"","site-post-title":"","ast-breadcrumbs-content":"","ast-featured-img":"","footer-sml-layout":"","theme-transparent-header-meta":"","adv-header-id-meta":"","stick-header-meta":"","header-above-stick-meta":"","header-main-stick-meta":"","header-below-stick-meta":"","footnotes":""},"class_list":["post-254","page","type-page","status-publish","hentry"],"aioseo_notices":[],"_links":{"self":[{"href":"https:\/\/basket-club-estuaire-gironde.fr\/index.php?rest_route=\/wp\/v2\/pages\/254","targetHints":{"allow":["GET"]}}],"collection":[{"href":"https:\/\/basket-club-estuaire-gironde.fr\/index.php?rest_route=\/wp\/v2\/pages"}],"about":[{"href":"https:\/\/basket-club-estuaire-gironde.fr\/index.php?rest_route=\/wp\/v2\/types\/page"}],"author":[{"embeddable":true,"href":"https:\/\/basket-club-estuaire-gironde.fr\/index.php?rest_route=\/wp\/v2\/users\/2"}],"replies":[{"embeddable":true,"href":"https:\/\/basket-club-estuaire-gironde.fr\/index.php?rest_route=%2Fwp%2Fv2%2Fcomments&post=254"}],"version-history":[{"count":6,"href":"https:\/\/basket-club-estuaire-gironde.fr\/index.php?rest_route=\/wp\/v2\/pages\/254\/revisions"}],"predecessor-version":[{"id":553,"href":"https:\/\/basket-club-estuaire-gironde.fr\/index.php?rest_route=\/wp\/v2\/pages\/254\/revisions\/553"}],"up":[{"embeddable":true,"href":"https:\/\/basket-club-estuaire-gironde.fr\/index.php?rest_route=\/wp\/v2\/pages\/307"}],"wp:attachment":[{"href":"https:\/\/basket-club-estuaire-gironde.fr\/index.php?rest_route=%2Fwp%2Fv2%2Fmedia&parent=254"}],"curies":[{"name":"wp","href":"https:\/\/api.w.org\/{rel}","templated":true}]}}